the remainder when 51340 is divided by 389.
381
What is the remainder when 1679 is divided by 260?
119
What is the remainder when 13868 is divided by 25?
18
Calculate the remainder when 17733 is divided by 5873.
114
Calculate the remainder when 9964 is divided by 9761.
203
What is the remainder when 1627 is divided by 16?
11
Calculate the remainder when 182084 is divided by 8.
4
Calculate the remainder when 672697 is divided by 310.
307
Calculate the remainder when 2365 is divided by 284.
93
Calculate the remainder when 1042 is divided by 131.
125
What is the remainder when 2031 is divided by 2024?
7
Calculate the remainder when 6229 is divided by 444.
13
Calculate the remainder when 21709 is divided by 7227.
28
Calculate the remainder when 351733 is divided by 308.
305
What is the remainder when 200497 is divided by 94?
89
Calculate the remainder when 9144 is divided by 702.
18
What is the remainder when 351 is divided by 341?
10
What is the remainder when 239630 is divided by 79?
23
What is the remainder when 15834 is divided by 7912?
10
Calculate the remainder when 1049 is divided by 1021.
28
What is the remainder when 776 is divided by 9?
2
Calculate the remainder when 214809 is divided by 27.
24
What is the remainder when 19234 is divided by 66?
28
What is the remainder when 141952 is divided by 74?
20
Calculate the remainder when 2608 is divided by 1244.
120
What is the remainder when 8165 is divided by 264?
245
What is the remainder when 300202 is divided by 20?
2
Calculate the remainder when 46100 is divided by 8.
4
Calculate the remainder when 1579 is divided by 397.
388
Calculate the remainder when 16403 is divided by 16219.
184
What is the remainder when 172969 is divided by 86472?
25
Calculate the remainder when 62230 is divided by 15551.
26
Calculate the remainder when 1134 is divided by 592.
542
What is the remainder when 553298 is divided by 503?
501
Calculate the remainder when 10345 is divided by 352.
137
Calculate the remainder when 1530 is divided by 492.
54
Calculate the remainder when 2366 is divided by 478.
454
Calculate the remainder when 75710 is divided by 83.
14
Calculate the remainder when 14410 is divided by 7202.
6
Calculate the remainder when 14360 is divided by 286.
60
Calculate the remainder when 19089 is divided by 561.
15
Calculate the remainder when 479094 is divided by 95817.
9
Calculate the remainder when 9480 is divided by 429.
42
What is the remainder when 2338 is divided by 129?
16
Calculate the remainder when 16220 is divided by 2316.
8
Calculate the remainder when 5885 is divided by 2895.
95
What is the remainder when 34600 is divided by 21?
13
Calculate the remainder when 251543 is divided by 223.
222
Calculate the remainder when 1345 is divided by 132.
25
Calculate the remainder when 2271222 is divided by 165.
162
Calculate the remainder when 398876 is divided by 20.
16
What is the remainder when 733 is divided by 185?
178
What is the remainder when 31566 is divided by 12?
6
Calculate the remainder when 236967 is divided by 4.
3
Calculate the remainder when 213432 is divided by 68.
48
What is the remainder when 559 is divided by 534?
25
What is the remainder when 26959 is divided by 26?
23
Calculate the remainder when 39887 is divided by 36.
35
Calculate the remainder when 223657 is divided by 10.
7
What is the remainder when 1845 is divided by 784?
277
What is the remainder when 2176 is divided by 556?
508
What is the remainder when 31332 is divided by 31319?
13
What is the remainder when 4120 is divided by 75?
70
Calculate the remainder when 8786 is divided by 203.
57
Calculate the remainder when 14737 is divided by 2652.
1477
What is the remainder when 1865 is divided by 9?
2
Calculate the remainder when 46042 is divided by 23.
19
What is the remainder when 46069 is divided by 9212?
9
What is the remainder when 36083 is divided by 71?
15
Calculate the remainder when 866271 is divided by 11.
10
What is the remainder when 36323 is divided by 367?
357
Calculate the remainder when 3312 is divided by 546.
36
What is the remainder when 782 is divided by 776?
6
Calculate the remainder when 8312 is divided by 331.
37
Calculate the remainder when 6848 is divided by 3400.
48
Calculate the remainder when 10009 is divided by 250.
9
What is the remainder when 616132 is divided by 102685?
22
Calculate the remainder when 1862 is divided by 527.
281
What is the remainder when 96936 is divided by 339?
321
Calculate the remainder when 2096 is divided by 822.
452
What is the remainder when 196112 is divided by 63?
56
What is the remainder when 43768 is divided by 114?
106
What is the remainder when 1509 is divided by 197?
130
What is the remainder when 10229 is divided by 2553?
17
What is the remainder when 1045 is divided by 521?
3
What is the remainder when 12873 is divided by 12866?
7
Calculate the remainder when 4581 is divided by 480.
261
Calculate the remainder when 1459 is divided by 6.
1
What is the remainder when 31165 is divided by 154?
57
Calculate the remainder when 1051 is divided by 143.
50
What is the remainder when 1014977 is divided by 602?
5
What is the remainder when 922997 is divided by 20?
17
Calculate the remainder when 2262 is divided by 221.
52
Calculate the remainder when 191 is divided by 49.
44
Calculate the remainder when 56899 is divided by 97.
57
What is the remainder when 655187 is divided by 455?
442
Calculate the remainder when 30736 is divided by 164.
68
What is the remainder when 3312 is divided by 237?
231
Calculate the remainder when 1518 is divided by 1485.
33
Calculate the remainder when 1939244 is divided by 115.
114
What is the remainder when 58674 is divided by 472?
146
What is the remainder when 123117 is divided by 101?
99
Calculate the remainder when 1258 is divided by 321.
295
Calculate the remainder when 4657 is divided by 1546.
19
What is the remainder when 14003 is divided by 36?
35
What is the remainder when 7684 is divided by 8?
4
Calculate the remainder when 744 is divided by 238.
30
What is the remainder when 98389 is divided by 251?
248
What is the remainder when 11599 is divided by 824?
63
What is the remainder when 20880 is divided by 6915?
135
Calculate the remainder when 218591 is divided by 88.
87
What is the remainder when 142028 is divided by 10919?
81
What is the remainder when 47138 is divided by 47?
44
What is the remainder when 41491 is divided by 146?
27
Calculate the remainder when 3992 is divided by 1204.
380
What is the remainder when 10777 is divided by 5?
2
Calculate the remainder when 186 is divided by 26.
4
What is the remainder when 4658 is divided by 259?
255
Calculate the remainder when 78926 is divided by 39453.
20
What is the remainder when 400036 is divided by 108?
4
What is the remainder when 50901 is divided by 252?
249
What is the remainder when 1995 is divided by 37?
34
What is the remainder when 7797 is divided by 132?
9
What is the remainder when 28621 is divided by 509?
117
Calculate the remainder when 3728 is divided by 514.
130
What is the remainder when 1471 is divided by 240?
31
Calculate the remainder when 70642 is divided by 652.
226
What is the remainder when 699 is divided by 224?
27
Calculate the remainder when 17143 is divided by 45.
43
What is the remainder when 24766 is divided by 192?
190
Calculate the remainder when 6141 is divided by 5695.
446
Calculate the remainder when 54999 is divided by 18328.
15
Calculate the remainder when 4364 is divided by 488.
460
What is the remainder when 2945203 is divided by 4?
3
What is the remainder when 5830 is divided by 684?
358
What is the remainder when 111631 is divided by 144?
31
Calculate the remainder when 2500 is divided by 66.
58
What is the remainder when 6476 is divided by 275?
151
Calculate the remainder when 2973 is divided by 304.
237
What is the remainder when 58033 is divided by 152?
121
What is the remainder when 20146333 is divided by 55?
53
Calculate the remainder when 11642 is divided by 360.
122
Calculate the remainder when 7392 is divided by 97.
20
Calculate the remainder when 19302 is divided by 62.
20
What is the remainder when 143912 is divided by 84?
20
Calculate the remainder when 85263 is divided by 14208.
15
Calculate the remainder when 47727 is div